{"id":1595,"date":"2022-03-06T13:45:55","date_gmt":"2022-03-06T16:45:55","guid":{"rendered":"https:\/\/paginas.uepa.br\/dca\/?page_id=1595"},"modified":"2023-06-13T16:28:09","modified_gmt":"2023-06-13T19:28:09","slug":"transferencias","status":"publish","type":"page","link":"https:\/\/dca.uepa.br\/index.php\/transferencias\/","title":{"rendered":"Transfer\u00eancias"},"content":{"rendered":"\n<div class=\"wp-block-uagb-container uagb-block-363b2608 alignfull uagb-is-root-container\"><div class=\"uagb-container-inner-blocks-wrap\">\n<div class=\"wp-block-uagb-advanced-heading uagb-block-bc187cc7\"><h1 class=\"uagb-heading-text\">Transfer\u00eancias<\/h1><div class=\"uagb-separator\"><\/div><\/div>\n\n\n\t\t\t\t\t\t<style>\r\n\t\t\t\t<style>\r\n#wpsm_accordion_2044 .wpsm_panel-heading{\r\n\tpadding:0px !important;\r\n}\r\n#wpsm_accordion_2044 .wpsm_panel-title {\r\n\tmargin:0px !important; \r\n\ttext-transform:none !important;\r\n\tline-height: 1 !important;\r\n}\r\n#wpsm_accordion_2044 .wpsm_panel-title a{\r\n\ttext-decoration:none;\r\n\toverflow:hidden;\r\n\tdisplay:block;\r\n\tpadding:0px;\r\n\tfont-size: 18px !important;\r\n\tfont-family: Open Sans !important;\r\n\tcolor:#000000 !important;\r\n\tborder-bottom:0px !important;\r\n}\r\n\r\n#wpsm_accordion_2044 .wpsm_panel-title a:focus {\r\noutline: 0px !important;\r\n}\r\n\r\n#wpsm_accordion_2044 .wpsm_panel-title a:hover, #wpsm_accordion_2044 .wpsm_panel-title a:focus {\r\n\tcolor:#000000 !important;\r\n}\r\n#wpsm_accordion_2044 .acc-a{\r\n\tcolor: #000000 !important;\r\n\tbackground-color:#e8e8e8 !important;\r\n\tborder-color: #ddd;\r\n}\r\n#wpsm_accordion_2044 .wpsm_panel-default > .wpsm_panel-heading{\r\n\tcolor: #000000 !important;\r\n\tbackground-color: #e8e8e8 !important;\r\n\tborder-color: #e8e8e8 !important;\r\n\tborder-top-left-radius: 0px;\r\n\tborder-top-right-radius: 0px;\r\n}\r\n#wpsm_accordion_2044 .wpsm_panel-default {\r\n\t\tborder:1px solid transparent !important;\r\n\t}\r\n#wpsm_accordion_2044 {\r\n\tmargin-bottom: 20px;\r\n\toverflow: hidden;\r\n\tfloat: none;\r\n\twidth: 100%;\r\n\tdisplay: block;\r\n}\r\n#wpsm_accordion_2044 .ac_title_class{\r\n\tdisplay: block;\r\n\tpadding-top: 12px;\r\n\tpadding-bottom: 12px;\r\n\tpadding-left: 15px;\r\n\tpadding-right: 15px;\r\n}\r\n#wpsm_accordion_2044  .wpsm_panel {\r\n\toverflow:hidden;\r\n\t-webkit-box-shadow: 0 0px 0px rgba(0, 0, 0, .05);\r\n\tbox-shadow: 0 0px 0px rgba(0, 0, 0, .05);\r\n\t\tborder-radius: 4px;\r\n\t}\r\n#wpsm_accordion_2044  .wpsm_panel + .wpsm_panel {\r\n\t\tmargin-top: 5px;\r\n\t}\r\n#wpsm_accordion_2044  .wpsm_panel-body{\r\n\tbackground-color:#ffffff !important;\r\n\tcolor:#000000 !important;\r\n\tborder-top-color: #e8e8e8 !important;\r\n\tfont-size:16px !important;\r\n\tfont-family: Open Sans !important;\r\n\toverflow: hidden;\r\n\t\tborder: 2px solid #e8e8e8 !important;\r\n\t}\r\n\r\n#wpsm_accordion_2044 .ac_open_cl_icon{\r\n\tbackground-color:#e8e8e8 !important;\r\n\tcolor: #000000 !important;\r\n\tfloat:right !important;\r\n\tpadding-top: 12px !important;\r\n\tpadding-bottom: 12px !important;\r\n\tline-height: 1.0 !important;\r\n\tpadding-left: 15px !important;\r\n\tpadding-right: 15px !important;\r\n\tdisplay: inline-block !important;\r\n}\r\n\r\n\t\t\t\r\n\t\t\t<\/style>\t\r\n\t\t\t<\/style>\r\n\t\t\t<div class=\"wpsm_panel-group\" id=\"wpsm_accordion_2044\" >\r\n\t\t\t\t\t\t\t\t\r\n\t\t\t\t\t<!-- Inner panel Start -->\r\n\t\t\t\t\t<div class=\"wpsm_panel wpsm_panel-default\">\r\n\t\t\t\t\t\t<div class=\"wpsm_panel-heading\" role=\"tab\" >\r\n\t\t\t\t\t\t  <h4 class=\"wpsm_panel-title\">\r\n\t\t\t\t\t\t\t<a  class=\"\"  data-toggle=\"collapse\" data-parent=\"#wpsm_accordion_2044 \" href=\"javascript:void(0)\" data-target=\"#ac_2044_collapse1\" onclick=\"do_resize()\">\r\n\t\t\t\t\t\t\t\t\t\t\t\t\t\t\t\t\t<span class=\"ac_open_cl_icon fa fa-minus\"><\/span>\r\n\t\t\t\t\t\t\t\t\t\r\n\t\t\t\t\t\t\t\t \r\n\t\t\t\t\t\t\t\t<span class=\"ac_title_class\">\r\n\t\t\t\t\t\t\t\t\t\t\t\t\t\t\t\t\t\t\t\t<span style=\"margin-right:6px;\" class=\"fa fa-angle-right\"><\/span>\r\n\t\t\t\t\t\t\t\t\tTransfer\u00eancias Internas\t\t\t\t\t\t\t\t<\/span>\r\n\t\t\t\t\t\t\t<\/a>\r\n\t\t\t\t\t\t  <\/h4>\r\n\t\t\t\t\t\t<\/div>\r\n\t\t\t\t\t\t<div id=\"ac_2044_collapse1\" class=\"wpsm_panel-collapse collapse in\"  >\r\n\t\t\t\t\t\t  <div class=\"wpsm_panel-body\">\r\n\t\t\t\t\t\t\t\u00c9 realizado atrav\u00e9s de Processo Seletivo e destina-se ao preenchimento de vagas nos Cursos de Gradua\u00e7\u00e3o da UEPA, na Capital e no Interior do Estado, por meio de transfer\u00eancias internas, para continuidade de estudos em s\u00e9ries n\u00e3o iniciais e n\u00e3o finais.\r\n\u00c9 condi\u00e7\u00e3o legal para a inscri\u00e7\u00e3o, estar regularmente matriculado na UEPA, no mesmo curso que est\u00e1 sendo ofertado, ou \u00e1rea afim, conforme estabelecido em Edital especifico. \u00c9 coordenado pela Diretoria de Acesso e Avalia\u00e7\u00e3o.\t\t\t\t\t\t  <\/div>\r\n\t\t\t\t\t\t<\/div>\r\n\t\t\t\t\t<\/div>\r\n\t\t\t\t\t<!-- Inner panel End -->\r\n\t\t\t\t\t\r\n\t\t\t\t\t\t\t\t\r\n\t\t\t\t\t<!-- Inner panel Start -->\r\n\t\t\t\t\t<div class=\"wpsm_panel wpsm_panel-default\">\r\n\t\t\t\t\t\t<div class=\"wpsm_panel-heading\" role=\"tab\" >\r\n\t\t\t\t\t\t  <h4 class=\"wpsm_panel-title\">\r\n\t\t\t\t\t\t\t<a  class=\"collapsed\"  data-toggle=\"collapse\" data-parent=\"#wpsm_accordion_2044 \" href=\"javascript:void(0)\" data-target=\"#ac_2044_collapse2\" onclick=\"do_resize()\">\r\n\t\t\t\t\t\t\t\t\t\t\t\t\t\t\t\t\t<span class=\"ac_open_cl_icon fa fa-plus\"><\/span>\r\n\t\t\t\t\t\t\t\t\t\r\n\t\t\t\t\t\t\t\t \r\n\t\t\t\t\t\t\t\t<span class=\"ac_title_class\">\r\n\t\t\t\t\t\t\t\t\t\t\t\t\t\t\t\t\t\t\t\t<span style=\"margin-right:6px;\" class=\"fa fa-angle-right\"><\/span>\r\n\t\t\t\t\t\t\t\t\tTransfer\u00eancias Externas\t\t\t\t\t\t\t\t<\/span>\r\n\t\t\t\t\t\t\t<\/a>\r\n\t\t\t\t\t\t  <\/h4>\r\n\t\t\t\t\t\t<\/div>\r\n\t\t\t\t\t\t<div id=\"ac_2044_collapse2\" class=\"wpsm_panel-collapse collapse \"  >\r\n\t\t\t\t\t\t  <div class=\"wpsm_panel-body\">\r\n\t\t\t\t\t\t\tRealizada atrav\u00e9s de Processo Seletivo e destina-se ao preenchimento de vagas nos Cursos de Gradua\u00e7\u00e3o da UEPA, na Capital e no Interior do Estado, por meio de transfer\u00eancias externas, para continuidade de estudos em s\u00e9ries n\u00e3o iniciais e n\u00e3o finais.\r\n\u00c9 condi\u00e7\u00e3o legal para a inscri\u00e7\u00e3o estar regularmente matriculado em outras Institui\u00e7\u00f5es de Ensino Superior nacionais, reconhecidas, no mesmo curso que est\u00e1 sendo ofertado, ou \u00e1rea afim, conforme estabelecido em Edital pr\u00f3prio, \u00e9 coordenado pela Diretoria de Acesso e Avalia\u00e7\u00e3o.\t\t\t\t\t\t  <\/div>\r\n\t\t\t\t\t\t<\/div>\r\n\t\t\t\t\t<\/div>\r\n\t\t\t\t\t<!-- Inner panel End -->\r\n\t\t\t\t\t\r\n\t\t\t\t\t\t\t\t\r\n\t\t\t\t\t<!-- Inner panel Start -->\r\n\t\t\t\t\t<div class=\"wpsm_panel wpsm_panel-default\">\r\n\t\t\t\t\t\t<div class=\"wpsm_panel-heading\" role=\"tab\" >\r\n\t\t\t\t\t\t  <h4 class=\"wpsm_panel-title\">\r\n\t\t\t\t\t\t\t<a  class=\"collapsed\"  data-toggle=\"collapse\" data-parent=\"#wpsm_accordion_2044 \" href=\"javascript:void(0)\" data-target=\"#ac_2044_collapse3\" onclick=\"do_resize()\">\r\n\t\t\t\t\t\t\t\t\t\t\t\t\t\t\t\t\t<span class=\"ac_open_cl_icon fa fa-plus\"><\/span>\r\n\t\t\t\t\t\t\t\t\t\r\n\t\t\t\t\t\t\t\t \r\n\t\t\t\t\t\t\t\t<span class=\"ac_title_class\">\r\n\t\t\t\t\t\t\t\t\t\t\t\t\t\t\t\t\t\t\t\t<span style=\"margin-right:6px;\" class=\"fa fa-angle-right\"><\/span>\r\n\t\t\t\t\t\t\t\t\tTransfer\u00eancias Ex-oficio\t\t\t\t\t\t\t\t<\/span>\r\n\t\t\t\t\t\t\t<\/a>\r\n\t\t\t\t\t\t  <\/h4>\r\n\t\t\t\t\t\t<\/div>\r\n\t\t\t\t\t\t<div id=\"ac_2044_collapse3\" class=\"wpsm_panel-collapse collapse \"  >\r\n\t\t\t\t\t\t  <div class=\"wpsm_panel-body\">\r\n\t\t\t\t\t\t\tEspec\u00edficas para caso de transfer\u00eancia por motivo de trabalho conforme o caso e de acordo com o previsto na LDB, sendo: \u201cPar\u00e1grafo \u00fanico. As transfer\u00eancias\u00a0<em>ex officio\u00a0<\/em>dar-se-\u00e3o na forma da lei.\u00a0\u00a0\u00a0<a href=\"http:\/\/www.planalto.gov.br\/ccivil_03\/leis\/L9536.htm\" target=\"_blank\" rel=\"noreferrer noopener\">(Regulamento)<\/a>\u201d <br \/>\r\n\r\n<strong>Documentos Necess\u00e1rios:<\/strong><br \/>\r\n<strong>Servidores P\u00fablicos Civis ou Dependentes:<\/strong><br \/>\r\n1)\u00a0\u00a0\u00a0\u00a0\u00a0Requerimento e formul\u00e1rio a ser preenchido no CRCA;<br \/>\r\n2)\u00a0\u00a0\u00a0\u00a0\u00a0Carteira de identidade , CPF e T\u00edtulo de Eleitor (c\u00f3pia);<br \/>\r\n3)\u00a0\u00a0\u00a0\u00a0\u00a0Uma (1) foto 3\u00d74 (recente);<br \/>\r\n4)\u00a0\u00a0\u00a0\u00a0\u00a0Certid\u00e3o de nascimento ou casamento, quando dependente (c\u00f3pia);<br \/>\r\n5)\u00a0\u00a0\u00a0\u00a0\u00a0Di\u00e1rio Oficial ou Portaria de transfer\u00eancia ou remo\u00e7\u00e3o (c\u00f3pia);<br \/>\r\n6)\u00a0\u00a0\u00a0\u00a0\u00a0Declara\u00e7\u00e3o do \u00d3rg\u00e3o P\u00fablico da localidade recebedora, assinada pela autoridade respons\u00e1vel, contendo informa\u00e7\u00f5es da raz\u00e3o da transfer\u00eancia ou remo\u00e7\u00e3o e data que se apresentou ao servi\u00e7o (original);<br \/>\r\n7)\u00a0\u00a0\u00a0\u00a0\u00a0Hist\u00f3rico Escolar atualizado, emitido no semestre em que for requerida a transfer\u00eancia (original);<br \/>\r\n8)\u00a0\u00a0\u00a0\u00a0\u00a0Declara\u00e7\u00e3o de v\u00ednculo com a Institui\u00e7\u00e3o de origem ou comprovante de matr\u00edcula atualizados do semestre letivo em que for requerida a transfer\u00eancia (original);<br \/>\r\n9)\u00a0\u00a0\u00a0\u00a0\u00a0Declara\u00e7\u00e3o da Institui\u00e7\u00e3o informando se a mesma \u00e9 P\u00fablica ou Privada;<br \/>\r\n10)\u00a0\u00a0Decreto ou Resolu\u00e7\u00e3o de Reconhecimento de funcionamento do Curso de origem oficializado pelo Org\u00e3o competente do referido Sistema de Ensino;<br \/>\r\n11)\u00a0\u00a0Programas das disciplinas cursadas na IES de origem, que dever\u00e3o ser apresentados somente na Universidade, quando deferida a transfer\u00eancia.<br \/>\r\n12)\u00a0\u00a0Hist\u00f3rico e Certificado de Conclus\u00e3o do Ensino M\u00e9dio.<br \/>\r\n\r\n<strong>Servidor P\u00fablico Militar e Dependentes<\/strong><br \/>\r\n1)\u00a0\u00a0\u00a0\u00a0\u00a0Requerimento e formul\u00e1rio a ser preenchido no CRCA;<br \/>\r\n2)\u00a0\u00a0\u00a0\u00a0\u00a0Carteira de identidade , CPF e T\u00edtulo de Eleitor (C\u00f3pia);<br \/>\r\n3)\u00a0\u00a0\u00a0\u00a0\u00a001 foto 3\u00d74 recente;<br \/>\r\n4)\u00a0\u00a0\u00a0\u00a0\u00a0Certid\u00e3o de nascimento ou casamento, quando dependente (c\u00f3pia);<br \/>\r\n5)\u00a0\u00a0\u00a0\u00a0\u00a0Boletim de Transfer\u00eancia ou Radiograma (c\u00f3pia);<br \/>\r\n6)\u00a0\u00a0\u00a0\u00a0\u00a0Declara\u00e7\u00e3o do Comando local, contendo informa\u00e7\u00f5es da raz\u00e3o da transfer\u00eancia e data que se apresentou ao servi\u00e7o (original);<br \/>\r\n7)\u00a0\u00a0\u00a0\u00a0\u00a0Hist\u00f3rico Escolar atualizado, emitido no semestre em que for requerida a transfer\u00eancia (original);<br \/>\r\n8)\u00a0\u00a0\u00a0\u00a0\u00a0Declara\u00e7\u00e3o de v\u00ednculo com a Institui\u00e7\u00e3o de origem ou comprovante de matr\u00edcula, emitidos no semestre letivo em que for requerida a transfer\u00eancia (original);<br \/>\r\n9)\u00a0\u00a0\u00a0\u00a0\u00a0Declara\u00e7\u00e3o da Institui\u00e7\u00e3o informando se a mesma \u00e9 P\u00fablica ou Privada;<br \/>\r\n10)\u00a0\u00a0Decreto ou Resolu\u00e7\u00e3o de Reconhecimento de funcionamento do Curso de origem oficializado pelo Org\u00e3o competente do referido Sistema de Ensino;<br \/>\r\n11)\u00a0\u00a0Programas das disciplinas cursadas na IES de origem, que dever\u00e3o ser apresentados somente na Universidade, quando deferida a transfer\u00eancia;<br \/>\r\n12)\u00a0\u00a0Hist\u00f3rico e Certificado de Conclus\u00e3o do Ensino M\u00e9dio.<br \/>\r\n\r\n<strong>Observa\u00e7\u00e3o:<\/strong><br \/>\r\nDeve ser devidamente instru\u00eddo de conformidade com a\u00a0<a href=\"https:\/\/dca.uepa.br\/wp-content\/uploads\/2022\/02\/Resolucao_2878.pdf\" target=\"_blank\" rel=\"noreferrer noopener\">Resolu\u00e7\u00e3o N\u00ba 2878\/15 \u2013 CONSUN<\/a>, observando a\u00a0<a href=\"https:\/\/dca.uepa.br\/wp-content\/uploads\/2022\/03\/ADIN3324.pdf\" target=\"_blank\" rel=\"noreferrer noopener\">ADIN 3324-7\u00a0\u2013\u00a0D.O.U.\u00a0DE\u00a001\/02\/2005<\/a>\u00a0e encaminhado \u00e0 DCA para a devida delibera\u00e7\u00e3o.\t\t\t\t\t\t  <\/div>\r\n\t\t\t\t\t\t<\/div>\r\n\t\t\t\t\t<\/div>\r\n\t\t\t\t\t<!-- Inner panel End -->\r\n\t\t\t\t\t\r\n\t\t\t\t\t\t\t<\/div>\r\n\t\t\t\r\n<script type=\"text\/javascript\">\r\n\t\r\n\t\tfunction do_resize(){\r\n\r\n\t\t\tvar width=jQuery( '.wpsm_panel .wpsm_panel-body iframe' ).width();\r\n\t\t\tvar height=jQuery( '.wpsm_panel .wpsm_panel-body iframe' ).height();\r\n\r\n\t\t\tvar toggleSize = true;\r\n\t\t\tjQuery('iframe').animate({\r\n\t\t\t    width: toggleSize ? width : 640,\r\n\t\t\t    height: toggleSize ? height : 360\r\n\t\t\t  }, 250);\r\n\r\n\t\t\t  toggleSize = !toggleSize;\r\n\t\t}\r\n\t\t\r\n<\/script>\t\n<\/div><\/div>\n","protected":false},"excerpt":{"rendered":"<p>Transfer\u00eancias<\/p>\n","protected":false},"author":1,"featured_media":0,"parent":0,"menu_order":0,"comment_status":"closed","ping_status":"closed","template":"","meta":{"_uag_custom_page_level_css":"","site-sidebar-layout":"default","site-content-layout":"","ast-site-content-layout":"","site-content-style":"default","site-sidebar-style":"default","ast-global-header-display":"","ast-banner-title-visibility":"","ast-main-header-display":"","ast-hfb-above-header-display":"","ast-hfb-below-header-display":"","ast-hfb-mobile-header-display":"","site-post-title":"disabled","ast-breadcrumbs-content":"","ast-featured-img":"","footer-sml-layout":"","theme-transparent-header-meta":"","adv-header-id-meta":null,"stick-header-meta":null,"header-above-stick-meta":null,"header-main-stick-meta":null,"header-below-stick-meta":null,"astra-migrate-meta-layouts":"","ast-page-background-enabled":"default","ast-page-background-meta":{"desktop":{"background-color":"var(--ast-global-color-4)","background-image":"","background-repeat":"repeat","background-position":"center center","background-size":"auto","background-attachment":"scroll","background-type":"","background-media":"","overlay-type":"","overlay-color":"","overlay-gradient":""},"tablet":{"background-color":"","background-image":"","background-repeat":"repeat","background-position":"center center","background-size":"auto","background-attachment":"scroll","background-type":"","background-media":"","overlay-type":"","overlay-color":"","overlay-gradient":""},"mobile":{"background-color":"","background-image":"","background-repeat":"repeat","background-position":"center center","background-size":"auto","background-attachment":"scroll","background-type":"","background-media":"","overlay-type":"","overlay-color":"","overlay-gradient":""}},"ast-content-background-meta":{"desktop":{"background-color":"var(--ast-global-color-5)","background-image":"","background-repeat":"repeat","background-position":"center center","background-size":"auto","background-attachment":"scroll","background-type":"","background-media":"","overlay-type":"","overlay-color":"","overlay-gradient":""},"tablet":{"background-color":"var(--ast-global-color-5)","background-image":"","background-repeat":"repeat","background-position":"center center","background-size":"auto","background-attachment":"scroll","background-type":"","background-media":"","overlay-type":"","overlay-color":"","overlay-gradient":""},"mobile":{"background-color":"var(--ast-global-color-5)","background-image":"","background-repeat":"repeat","background-position":"center center","background-size":"auto","background-attachment":"scroll","background-type":"","background-media":"","overlay-type":"","overlay-color":"","overlay-gradient":""}},"footnotes":""},"class_list":["post-1595","page","type-page","status-publish","hentry"],"uagb_featured_image_src":{"full":false,"thumbnail":false,"medium":false,"medium_large":false,"large":false,"1536x1536":false,"2048x2048":false},"uagb_author_info":{"display_name":"admin@uepa.br","author_link":"https:\/\/dca.uepa.br\/index.php\/author\/adminuepa-br\/"},"uagb_comment_info":0,"uagb_excerpt":"Transfer\u00eancias","_links":{"self":[{"href":"https:\/\/dca.uepa.br\/index.php\/wp-json\/wp\/v2\/pages\/1595","targetHints":{"allow":["GET"]}}],"collection":[{"href":"https:\/\/dca.uepa.br\/index.php\/wp-json\/wp\/v2\/pages"}],"about":[{"href":"https:\/\/dca.uepa.br\/index.php\/wp-json\/wp\/v2\/types\/page"}],"author":[{"embeddable":true,"href":"https:\/\/dca.uepa.br\/index.php\/wp-json\/wp\/v2\/users\/1"}],"replies":[{"embeddable":true,"href":"https:\/\/dca.uepa.br\/index.php\/wp-json\/wp\/v2\/comments?post=1595"}],"version-history":[{"count":5,"href":"https:\/\/dca.uepa.br\/index.php\/wp-json\/wp\/v2\/pages\/1595\/revisions"}],"predecessor-version":[{"id":2218,"href":"https:\/\/dca.uepa.br\/index.php\/wp-json\/wp\/v2\/pages\/1595\/revisions\/2218"}],"wp:attachment":[{"href":"https:\/\/dca.uepa.br\/index.php\/wp-json\/wp\/v2\/media?parent=1595"}],"curies":[{"name":"wp","href":"https:\/\/api.w.org\/{rel}","templated":true}]}}